{"id":170,"date":"2016-06-25T16:57:07","date_gmt":"2016-06-25T15:57:07","guid":{"rendered":"http:\/\/surlechemindesmots.fr\/?page_id=170"},"modified":"2016-07-22T11:31:33","modified_gmt":"2016-07-22T10:31:33","slug":"170-2","status":"publish","type":"page","link":"https:\/\/surlechemindesmots.fr\/index.php\/170-2\/","title":{"rendered":"VOS GARANTIES"},"content":{"rendered":"<p>[et_pb_section admin_label=&#8221;section&#8221; fullwidth=&#8221;on&#8221; specialty=&#8221;off&#8221; inner_shadow=&#8221;off&#8221; parallax=&#8221;off&#8221; background_color=&#8221;#2ea3f2&#8243;][et_pb_fullwidth_header admin_label=&#8221;Fullwidth Header&#8221; title=&#8221;Vos garanties&#8221; background_layout=&#8221;dark&#8221; text_orientation=&#8221;right&#8221; header_fullscreen=&#8221;on&#8221; header_scroll_down=&#8221;off&#8221; background_url=&#8221;https:\/\/surlechemindesmots.fr\/wp-content\/uploads\/2016\/06\/shutterstock_355368986-5.jpg&#8221; parallax=&#8221;on&#8221; parallax_method=&#8221;off&#8221; content_orientation=&#8221;center&#8221; image_orientation=&#8221;center&#8221; title_font_color=&#8221;#606060&#8243; title_font_size=&#8221;90&#8243; custom_button_one=&#8221;off&#8221; button_one_letter_spacing=&#8221;0&#8243; button_one_use_icon=&#8221;default&#8221; button_one_icon_placement=&#8221;right&#8221; button_one_on_hover=&#8221;on&#8221; button_one_letter_spacing_hover=&#8221;0&#8243; custom_button_two=&#8221;off&#8221; button_two_letter_spacing=&#8221;0&#8243; button_two_use_icon=&#8221;default&#8221; button_two_icon_placement=&#8221;right&#8221; button_two_on_hover=&#8221;on&#8221; button_two_letter_spacing_hover=&#8221;0&#8243; title_font=&#8221;Source Sans Pro||||&#8221; logo_image_url=&#8221;https:\/\/surlechemindesmots.fr\/wp-content\/uploads\/2016\/06\/plume.png&#8221;] [\/et_pb_fullwidth_header][\/et_pb_section][et_pb_section admin_label=&#8221;section&#8221;][et_pb_row admin_label=&#8221;row&#8221;][et_pb_column type=&#8221;4_4&#8243;][et_pb_text admin_label=&#8221;Text&#8221; background_layout=&#8221;light&#8221; text_orientation=&#8221;left&#8221; use_border_color=&#8221;off&#8221; border_color=&#8221;#ffffff&#8221; border_style=&#8221;solid&#8221;]<\/p>\n<h5 style=\"text-align: justify;\"><span style=\"color: #33cccc;\">Biographe professionnel<\/span><\/h5>\n<p style=\"text-align: justify;\">Je suis titulaire de\u00a0la formation d\u2019\u00e9crivain biographe priv\u00e9 <span style=\"color: #000000;\"><em style=\"color: #000000;\"><a style=\"color: #000000;\" href=\"http:\/\/www.lavoixetlaplume.com\/Accueil.html\">De la voix \u00e0 la plume<\/a>\u00a0<\/em><\/span>qui garantit l\u2019acquisition des savoirs et la d\u00e9ontologie de ce m\u00e9tier. Membre du\u00a0r\u00e9seau des <span style=\"color: #000000;\"><em><a style=\"color: #000000;\" href=\"http:\/\/www.compagnonsbiographes.net\/\">Compagnons biographes<\/a><\/em>,<\/span> je souscris, \u00e0 ce titre, aux valeurs et aux engagements suivants :<\/p>\n<p style=\"text-align: justify;\">(extrait de la charte des Compagnons Biographes)<\/p>\n<ul style=\"text-align: justify;\">\n<li>Garantir une totale discr\u00e9tion dans l&#8217;\u00e9coute et la transcription des propos recueillis\u00a0;<\/li>\n<li>Refuser toute implication dans des \u00e9crits diffamatoires ou indignes\u00a0;<\/li>\n<li>Proc\u00e9der par transcription d&#8217;enregistrements sonores, pour garantir fid\u00e9lit\u00e9 de ton et libert\u00e9 de rythme dans l&#8217;expression orale\u00a0;<\/li>\n<li>Livrer un premier travail dit \u00ab galop d&#8217;essai \u00bb permettant de caler finement le ton et le registre d&#8217;\u00e9criture qui pr\u00e9vaudront dans la suite du livre\u00a0;<\/li>\n<li>Offrir une totale libert\u00e9 de choix dans la fr\u00e9quence et le lieu des s\u00e9ances d&#8217;\u00e9coute, puis dans le rythme d&#8217;\u00e9laboration du livre\u00a0;<\/li>\n<li>Garantir la possibilit\u00e9 d&#8217;interrompre cette d\u00e9marche \u00e0 tout stade d&#8217;avancement\u00a0;<\/li>\n<li>Donner la possibilit\u00e9 de tenter l&#8217;aventure autobiographique avec un petit budget, en acceptant la possibilit\u00e9 d&#8217;une dur\u00e9e de r\u00e9alisation tr\u00e8s \u00e9tendue, ou des paiements \u00e9tal\u00e9s\u00a0;<\/li>\n<li>Ne jamais exiger de paiement par avance, hormis le minimum pour une s\u00e9curit\u00e9 garantie entre s\u00e9ances\u00a0;<\/li>\n<li>Offrir un service de A \u00e0 Z : depuis la premi\u00e8re s\u00e9ance d&#8217;enregistrement jusqu&#8217;\u00e0 la production d&#8217;une maquette pagin\u00e9e et illustr\u00e9e pr\u00eate \u00e0 imprimer\u00a0;<\/li>\n<li>\u00catre ouvert \u00e0 toute possibilit\u00e9 de propri\u00e9t\u00e9 intellectuelle, notamment la plus fr\u00e9quente situation : cession des droits patrimoniaux et moraux pour une \u00e9dition \u00e0 compte d&#8217;auteur\u00a0;<\/li>\n<li>Livrer des ouvrages dans une qualit\u00e9 de fran\u00e7ais et une pr\u00e9sentation mat\u00e9rielle impeccables\u00a0;<\/li>\n<li>Fournir, pour la production du livre, une vaste palette de possibilit\u00e9s d&#8217;impression (num\u00e9rique ou par offset, selon le nombre d&#8217;exemplaires souhait\u00e9)\u00a0;<\/li>\n<li>Proscrire entre nous tout r\u00e9gime de commissionnement commercial ;<\/li>\n<li>Livrer des ouvrages dans une qualit\u00e9 de fran\u00e7ais et une pr\u00e9sentation mat\u00e9rielle impeccables.<\/li>\n<\/ul>\n<h5 style=\"text-align: justify;\"><span style=\"color: #33cccc;\">Relecteur-correcteur<\/span><\/h5>\n<p style=\"text-align: justify;\">Je suis form\u00e9 au m\u00e9tier de correcteur par le <span style=\"color: #000000;\"><a style=\"color: #000000;\" href=\"http:\/\/www.centreec.com\/\"><em>Centre d\u2019\u00e9criture et de communication<\/em><\/a><\/span> (Paris), dont les intervenants sont des professionnels de haut-niveau : Jean-Pierre Colignon, chef correcteur du journal <em>Le Monde<\/em>\u00a0; Jacques D\u00e9court, secr\u00e9taire de r\u00e9daction et enseignant \u00e0 l\u2019\u00e9cole de journalisme de Lille\u00a0; Annick Valade, responsable du service correction chez <em>Larousse<\/em> et <em>Le Robert<\/em>\u2026<\/p>\n<h5 style=\"text-align: justify;\"><span style=\"color: #33cccc;\">Expert en orthographe<\/span><\/h5>\n<p style=\"text-align: justify;\">Dans le cadre d&#8217;une formation au m\u00e9tier d\u2019\u00e9crivain public, dispens\u00e9e par l\u2019organisme <span style=\"color: #000000;\"><a style=\"color: #000000;\" href=\"http:\/\/class-formation.fr\/\"><em>Class Formation<\/em><\/a><\/span> (85140 Saint-Martin-des-Noyers), j\u2019ai pass\u00e9 la certification Voltaire \u2013 attestant de la ma\u00eetrise de la langue fran\u00e7aise \u00e0 l\u2019\u00e9crit \u2013 et obtenu le score de 989 (sur 1000), correspondant au niveau Expert.<\/p>\n<h5 style=\"text-align: justify;\"><span style=\"color: #33cccc;\">R\u00e9dacteur<\/span><\/h5>\n<p style=\"text-align: justify;\">Mon parcours professionnel \u2013 presse quotidienne r\u00e9gionale, communication territoriale \u2013 est jalonn\u00e9 de publications et autres \u00e9crits dont j\u2019ai \u00e9t\u00e9 la \u00ab plume \u00bb. R\u00e9dacteur en chef du magazine municipal de la Ville de Pornic de 2002 \u00e0 2015. Voir : <a href=\"https:\/\/surlechemindesmots.fr\/index.php\/qui-suis-je\/\">qui suis-je ?\u00a0<\/a><\/p>\n<p>[\/et_pb_text][\/et_pb_column][\/et_pb_row][\/et_pb_section]<\/p>\n","protected":false},"excerpt":{"rendered":"<p>Biographe professionnel Je suis titulaire de\u00a0la formation d\u2019\u00e9crivain biographe priv\u00e9 De la voix \u00e0 la plume\u00a0qui garantit l\u2019acquisition des savoirs et la d\u00e9ontologie de ce m\u00e9tier. Membre du\u00a0r\u00e9seau des Compagnons biographes, je souscris, \u00e0 ce titre, aux valeurs et aux engagements suivants : (extrait de la charte des Compagnons Biographes) Garantir une totale discr\u00e9tion dans [&hellip;]<\/p>\n","protected":false},"author":1,"featured_media":0,"parent":0,"menu_order":0,"comment_status":"closed","ping_status":"closed","template":"","meta":{"_et_pb_use_builder":"on","_et_pb_old_content":"","_et_gb_content_width":"","footnotes":""},"yoast_head":"<!-- This site is optimized with the Yoast SEO plugin v22.5 - https:\/\/yoast.com\/wordpress\/plugins\/seo\/ -->\n<title>VOS GARANTIES - Sur le chemin des mots<\/title>\n<meta name=\"robots\" content=\"index, follow, max-snippet:-1, max-image-preview:large, max-video-preview:-1\" \/>\n<link rel=\"canonical\" href=\"https:\/\/surlechemindesmots.fr\/index.php\/170-2\/\" \/>\n<meta property=\"og:locale\" content=\"fr_FR\" \/>\n<meta property=\"og:type\" content=\"article\" \/>\n<meta property=\"og:title\" content=\"VOS GARANTIES - Sur le chemin des mots\" \/>\n<meta property=\"og:description\" content=\"Biographe professionnel Je suis titulaire de\u00a0la formation d\u2019\u00e9crivain biographe priv\u00e9 De la voix \u00e0 la plume\u00a0qui garantit l\u2019acquisition des savoirs et la d\u00e9ontologie de ce m\u00e9tier. Membre du\u00a0r\u00e9seau des Compagnons biographes, je souscris, \u00e0 ce titre, aux valeurs et aux engagements suivants : (extrait de la charte des Compagnons Biographes) Garantir une totale discr\u00e9tion dans [&hellip;]\" \/>\n<meta property=\"og:url\" content=\"https:\/\/surlechemindesmots.fr\/index.php\/170-2\/\" \/>\n<meta property=\"og:site_name\" content=\"Sur le chemin des mots\" \/>\n<meta property=\"article:modified_time\" content=\"2016-07-22T10:31:33+00:00\" \/>\n<meta name=\"twitter:card\" content=\"summary_large_image\" \/>\n<meta name=\"twitter:label1\" content=\"Dur\u00e9e de lecture estim\u00e9e\" \/>\n\t<meta name=\"twitter:data1\" content=\"3 minutes\" \/>\n<script type=\"application\/ld+json\" class=\"yoast-schema-graph\">{\"@context\":\"https:\/\/schema.org\",\"@graph\":[{\"@type\":\"WebPage\",\"@id\":\"https:\/\/surlechemindesmots.fr\/index.php\/170-2\/\",\"url\":\"https:\/\/surlechemindesmots.fr\/index.php\/170-2\/\",\"name\":\"VOS GARANTIES - Sur le chemin des mots\",\"isPartOf\":{\"@id\":\"https:\/\/surlechemindesmots.fr\/#website\"},\"datePublished\":\"2016-06-25T15:57:07+00:00\",\"dateModified\":\"2016-07-22T10:31:33+00:00\",\"breadcrumb\":{\"@id\":\"https:\/\/surlechemindesmots.fr\/index.php\/170-2\/#breadcrumb\"},\"inLanguage\":\"fr-FR\",\"potentialAction\":[{\"@type\":\"ReadAction\",\"target\":[\"https:\/\/surlechemindesmots.fr\/index.php\/170-2\/\"]}]},{\"@type\":\"BreadcrumbList\",\"@id\":\"https:\/\/surlechemindesmots.fr\/index.php\/170-2\/#breadcrumb\",\"itemListElement\":[{\"@type\":\"ListItem\",\"position\":1,\"name\":\"Accueil\",\"item\":\"https:\/\/surlechemindesmots.fr\/\"},{\"@type\":\"ListItem\",\"position\":2,\"name\":\"VOS GARANTIES\"}]},{\"@type\":\"WebSite\",\"@id\":\"https:\/\/surlechemindesmots.fr\/#website\",\"url\":\"https:\/\/surlechemindesmots.fr\/\",\"name\":\"Sur le chemin des mots\",\"description\":\"\",\"potentialAction\":[{\"@type\":\"SearchAction\",\"target\":{\"@type\":\"EntryPoint\",\"urlTemplate\":\"https:\/\/surlechemindesmots.fr\/?s={search_term_string}\"},\"query-input\":\"required name=search_term_string\"}],\"inLanguage\":\"fr-FR\"}]}<\/script>\n<!-- \/ Yoast SEO plugin. -->","yoast_head_json":{"title":"VOS GARANTIES - Sur le chemin des mots","robots":{"index":"index","follow":"follow","max-snippet":"max-snippet:-1","max-image-preview":"max-image-preview:large","max-video-preview":"max-video-preview:-1"},"canonical":"https:\/\/surlechemindesmots.fr\/index.php\/170-2\/","og_locale":"fr_FR","og_type":"article","og_title":"VOS GARANTIES - Sur le chemin des mots","og_description":"Biographe professionnel Je suis titulaire de\u00a0la formation d\u2019\u00e9crivain biographe priv\u00e9 De la voix \u00e0 la plume\u00a0qui garantit l\u2019acquisition des savoirs et la d\u00e9ontologie de ce m\u00e9tier. Membre du\u00a0r\u00e9seau des Compagnons biographes, je souscris, \u00e0 ce titre, aux valeurs et aux engagements suivants : (extrait de la charte des Compagnons Biographes) Garantir une totale discr\u00e9tion dans [&hellip;]","og_url":"https:\/\/surlechemindesmots.fr\/index.php\/170-2\/","og_site_name":"Sur le chemin des mots","article_modified_time":"2016-07-22T10:31:33+00:00","twitter_card":"summary_large_image","twitter_misc":{"Dur\u00e9e de lecture estim\u00e9e":"3 minutes"},"schema":{"@context":"https:\/\/schema.org","@graph":[{"@type":"WebPage","@id":"https:\/\/surlechemindesmots.fr\/index.php\/170-2\/","url":"https:\/\/surlechemindesmots.fr\/index.php\/170-2\/","name":"VOS GARANTIES - Sur le chemin des mots","isPartOf":{"@id":"https:\/\/surlechemindesmots.fr\/#website"},"datePublished":"2016-06-25T15:57:07+00:00","dateModified":"2016-07-22T10:31:33+00:00","breadcrumb":{"@id":"https:\/\/surlechemindesmots.fr\/index.php\/170-2\/#breadcrumb"},"inLanguage":"fr-FR","potentialAction":[{"@type":"ReadAction","target":["https:\/\/surlechemindesmots.fr\/index.php\/170-2\/"]}]},{"@type":"BreadcrumbList","@id":"https:\/\/surlechemindesmots.fr\/index.php\/170-2\/#breadcrumb","itemListElement":[{"@type":"ListItem","position":1,"name":"Accueil","item":"https:\/\/surlechemindesmots.fr\/"},{"@type":"ListItem","position":2,"name":"VOS GARANTIES"}]},{"@type":"WebSite","@id":"https:\/\/surlechemindesmots.fr\/#website","url":"https:\/\/surlechemindesmots.fr\/","name":"Sur le chemin des mots","description":"","potentialAction":[{"@type":"SearchAction","target":{"@type":"EntryPoint","urlTemplate":"https:\/\/surlechemindesmots.fr\/?s={search_term_string}"},"query-input":"required name=search_term_string"}],"inLanguage":"fr-FR"}]}},"_links":{"self":[{"href":"https:\/\/surlechemindesmots.fr\/index.php\/wp-json\/wp\/v2\/pages\/170"}],"collection":[{"href":"https:\/\/surlechemindesmots.fr\/index.php\/wp-json\/wp\/v2\/pages"}],"about":[{"href":"https:\/\/surlechemindesmots.fr\/index.php\/wp-json\/wp\/v2\/types\/page"}],"author":[{"embeddable":true,"href":"https:\/\/surlechemindesmots.fr\/index.php\/wp-json\/wp\/v2\/users\/1"}],"replies":[{"embeddable":true,"href":"https:\/\/surlechemindesmots.fr\/index.php\/wp-json\/wp\/v2\/comments?post=170"}],"version-history":[{"count":49,"href":"https:\/\/surlechemindesmots.fr\/index.php\/wp-json\/wp\/v2\/pages\/170\/revisions"}],"predecessor-version":[{"id":1576,"href":"https:\/\/surlechemindesmots.fr\/index.php\/wp-json\/wp\/v2\/pages\/170\/revisions\/1576"}],"wp:attachment":[{"href":"https:\/\/surlechemindesmots.fr\/index.php\/wp-json\/wp\/v2\/media?parent=170"}],"curies":[{"name":"wp","href":"https:\/\/api.w.org\/{rel}","templated":true}]}}

<p>[et_pb_section admin_label=&#8221;section&#8221; fullwidth=&#8221;on&#8221; specialty=&#8221;off&#8221; inner_shadow=&#8221;off&#8221; parallax=&#8221;off&#8221; background_color=&#8221;#2ea3f2&#8243;][et_pb_fullwidth_header admin_label=&#8221;Fullwidth Header&#8221; title=&#8221;Vos garanties&#8221; background_layout=&#8221;dark&#8221; text_orientation=&#8221;right&#8221; header_fullscreen=&#8221;on&#8221; header_scroll_down=&#8221;off&#8221; background_url=&#8221;https://surlechemindesmots.fr/wp-content/uploads/2016/06/shutterstock_355368986-5.jpg&#8221; parallax=&#8221;on&#8221; parallax_method=&#8221;off&#8221; content_orientation=&#8221;center&#8221; image_orientation=&#8221;center&#8221; title_font_color=&#8221;#606060&#8243; title_font_size=&#8221;90&#8243; custom_button_one=&#8221;off&#8221; button_one_letter_spacing=&#8221;0&#8243; button_one_use_icon=&#8221;default&#8221; button_one_icon_placement=&#8221;right&#8221; button_one_on_hover=&#8221;on&#8221; button_one_letter_spacing_hover=&#8221;0&#8243; custom_button_two=&#8221;off&#8221; button_two_letter_spacing=&#8221;0&#8243; button_two_use_icon=&#8221;default&#8221; button_two_icon_placement=&#8221;right&#8221; button_two_on_hover=&#8221;on&#8221; button_two_letter_spacing_hover=&#8221;0&#8243; title_font=&#8221;Source Sans Pro||||&#8221; logo_image_url=&#8221;https://surlechemindesmots.fr/wp-content/uploads/2016/06/plume.png&#8221;] [/et_pb_fullwidth_header][/et_pb_section][et_pb_section admin_label=&#8221;section&#8221;][et_pb_row admin_label=&#8221;row&#8221;][et_pb_column type=&#8221;4_4&#8243;][et_pb_text admin_label=&#8221;Text&#8221; background_layout=&#8221;light&#8221; text_orientation=&#8221;left&#8221; use_border_color=&#8221;off&#8221; border_color=&#8221;#ffffff&#8221; border_style=&#8221;solid&#8221;]</p>
<h5 style="text-align: justify;"><span style="color: #33cccc;">Biographe professionnel</span></h5>
<p style="text-align: justify;">Je suis titulaire de la formation d’écrivain biographe privé <span style="color: #000000;"><em style="color: #000000;"><a style="color: #000000;" href="http://www.lavoixetlaplume.com/Accueil.html">De la voix à la plume</a> </em></span>qui garantit l’acquisition des savoirs et la déontologie de ce métier. Membre du réseau des <span style="color: #000000;"><em><a style="color: #000000;" href="http://www.compagnonsbiographes.net/">Compagnons biographes</a></em>,</span> je souscris, à ce titre, aux valeurs et aux engagements suivants :</p>
<p style="text-align: justify;">(extrait de la charte des Compagnons Biographes)</p>
<ul style="text-align: justify;">
<li>Garantir une totale discrétion dans l&#8217;écoute et la transcription des propos recueillis ;</li>
<li>Refuser toute implication dans des écrits diffamatoires ou indignes ;</li>
<li>Procéder par transcription d&#8217;enregistrements sonores, pour garantir fidélité de ton et liberté de rythme dans l&#8217;expression orale ;</li>
<li>Livrer un premier travail dit « galop d&#8217;essai » permettant de caler finement le ton et le registre d&#8217;écriture qui prévaudront dans la suite du livre ;</li>
<li>Offrir une totale liberté de choix dans la fréquence et le lieu des séances d&#8217;écoute, puis dans le rythme d&#8217;élaboration du livre ;</li>
<li>Garantir la possibilité d&#8217;interrompre cette démarche à tout stade d&#8217;avancement ;</li>
<li>Donner la possibilité de tenter l&#8217;aventure autobiographique avec un petit budget, en acceptant la possibilité d&#8217;une durée de réalisation très étendue, ou des paiements étalés ;</li>
<li>Ne jamais exiger de paiement par avance, hormis le minimum pour une sécurité garantie entre séances ;</li>
<li>Offrir un service de A à Z : depuis la première séance d&#8217;enregistrement jusqu&#8217;à la production d&#8217;une maquette paginée et illustrée prête à imprimer ;</li>
<li>Être ouvert à toute possibilité de propriété intellectuelle, notamment la plus fréquente situation : cession des droits patrimoniaux et moraux pour une édition à compte d&#8217;auteur ;</li>
<li>Livrer des ouvrages dans une qualité de français et une présentation matérielle impeccables ;</li>
<li>Fournir, pour la production du livre, une vaste palette de possibilités d&#8217;impression (numérique ou par offset, selon le nombre d&#8217;exemplaires souhaité) ;</li>
<li>Proscrire entre nous tout régime de commissionnement commercial ;</li>
<li>Livrer des ouvrages dans une qualité de français et une présentation matérielle impeccables.</li>
</ul>
<h5 style="text-align: justify;"><span style="color: #33cccc;">Relecteur-correcteur</span></h5>
<p style="text-align: justify;">Je suis formé au métier de correcteur par le <span style="color: #000000;"><a style="color: #000000;" href="http://www.centreec.com/"><em>Centre d’écriture et de communication</em></a></span> (Paris), dont les intervenants sont des professionnels de haut-niveau : Jean-Pierre Colignon, chef correcteur du journal <em>Le Monde</em> ; Jacques Décourt, secrétaire de rédaction et enseignant à l’école de journalisme de Lille ; Annick Valade, responsable du service correction chez <em>Larousse</em> et <em>Le Robert</em>…</p>
<h5 style="text-align: justify;"><span style="color: #33cccc;">Expert en orthographe</span></h5>
<p style="text-align: justify;">Dans le cadre d&#8217;une formation au métier d’écrivain public, dispensée par l’organisme <span style="color: #000000;"><a style="color: #000000;" href="http://class-formation.fr/"><em>Class Formation</em></a></span> (85140 Saint-Martin-des-Noyers), j’ai passé la certification Voltaire – attestant de la maîtrise de la langue française à l’écrit – et obtenu le score de 989 (sur 1000), correspondant au niveau Expert.</p>
<h5 style="text-align: justify;"><span style="color: #33cccc;">Rédacteur</span></h5>
<p style="text-align: justify;">Mon parcours professionnel – presse quotidienne régionale, communication territoriale – est jalonné de publications et autres écrits dont j’ai été la « plume ». Rédacteur en chef du magazine municipal de la Ville de Pornic de 2002 à 2015. Voir : <a href="https://surlechemindesmots.fr/index.php/qui-suis-je/">qui suis-je ? </a></p>
<p>[/et_pb_text][/et_pb_column][/et_pb_row][/et_pb_section]</p>

<p>Biographe professionnel Je suis titulaire de la formation d’écrivain biographe privé De la voix à la plume qui garantit l’acquisition des savoirs et la déontologie de ce métier. Membre du réseau des Compagnons biographes, je souscris, à ce titre, aux valeurs et aux engagements suivants : (extrait de la charte des Compagnons Biographes) Garantir une totale discrétion dans [&hellip;]</p>

<!-- This site is optimized with the Yoast SEO plugin v22.5 - https://yoast.com/wordpress/plugins/seo/ -->
<title>VOS GARANTIES - Sur le chemin des mots</title>
<meta name="robots" content="index, follow, max-snippet:-1, max-image-preview:large, max-video-preview:-1" />
<link rel="canonical" href="https://surlechemindesmots.fr/index.php/170-2/" />
<meta property="og:locale" content="fr_FR" />
<meta property="og:type" content="article" />
<meta property="og:title" content="VOS GARANTIES - Sur le chemin des mots" />
<meta property="og:description" content="Biographe professionnel Je suis titulaire de la formation d’écrivain biographe privé De la voix à la plume qui garantit l’acquisition des savoirs et la déontologie de ce métier. Membre du réseau des Compagnons biographes, je souscris, à ce titre, aux valeurs et aux engagements suivants : (extrait de la charte des Compagnons Biographes) Garantir une totale discrétion dans [&hellip;]" />
<meta property="og:url" content="https://surlechemindesmots.fr/index.php/170-2/" />
<meta property="og:site_name" content="Sur le chemin des mots" />
<meta property="article:modified_time" content="2016-07-22T10:31:33+00:00" />
<meta name="twitter:card" content="summary_large_image" />
<meta name="twitter:label1" content="Durée de lecture estimée" />
	<meta name="twitter:data1" content="3 minutes" />
<script type="application/ld+json" class="yoast-schema-graph">{"@context":"https://schema.org","@graph":[{"@type":"WebPage","@id":"https://surlechemindesmots.fr/index.php/170-2/","url":"https://surlechemindesmots.fr/index.php/170-2/","name":"VOS GARANTIES - Sur le chemin des mots","isPartOf":{"@id":"https://surlechemindesmots.fr/#website"},"datePublished":"2016-06-25T15:57:07+00:00","dateModified":"2016-07-22T10:31:33+00:00","breadcrumb":{"@id":"https://surlechemindesmots.fr/index.php/170-2/#breadcrumb"},"inLanguage":"fr-FR","potentialAction":[{"@type":"ReadAction","target":["https://surlechemindesmots.fr/index.php/170-2/"]}]},{"@type":"BreadcrumbList","@id":"https://surlechemindesmots.fr/index.php/170-2/#breadcrumb","itemListElement":[{"@type":"ListItem","position":1,"name":"Accueil","item":"https://surlechemindesmots.fr/"},{"@type":"ListItem","position":2,"name":"VOS GARANTIES"}]},{"@type":"WebSite","@id":"https://surlechemindesmots.fr/#website","url":"https://surlechemindesmots.fr/","name":"Sur le chemin des mots","description":"","potentialAction":[{"@type":"SearchAction","target":{"@type":"EntryPoint","urlTemplate":"https://surlechemindesmots.fr/?s={search_term_string}"},"query-input":"required name=search_term_string"}],"inLanguage":"fr-FR"}]}</script>
<!-- / Yoast SEO plugin. -->

Biographe professionnel Je suis titulaire de la formation d’écrivain biographe privé De la voix à la plume qui garantit l’acquisition des savoirs et la déontologie de ce métier. Membre du réseau des Compagnons biographes, je souscris, à ce titre, aux valeurs et aux engagements suivants : (extrait de la charte des Compagnons Biographes) Garantir une totale discrétion dans [&hellip;]
