{"id":352,"date":"2016-06-28T19:57:08","date_gmt":"2016-06-28T18:57:08","guid":{"rendered":"http:\/\/surlechemindesmots.fr\/?page_id=352"},"modified":"2016-07-24T20:11:32","modified_gmt":"2016-07-24T19:11:32","slug":"352-2","status":"publish","type":"page","link":"https:\/\/surlechemindesmots.fr\/index.php\/352-2\/","title":{"rendered":"DE L&#8217;INFORMATION\u2026"},"content":{"rendered":"<p>[et_pb_section admin_label=&#8221;section&#8221; fullwidth=&#8221;on&#8221; specialty=&#8221;off&#8221; inner_shadow=&#8221;off&#8221; parallax=&#8221;off&#8221; background_color=&#8221;#2ea3f2&#8243;][et_pb_fullwidth_header admin_label=&#8221;Fullwidth Header&#8221; title=&#8221;De l&#8217;information\u2026&#8221; background_layout=&#8221;dark&#8221; text_orientation=&#8221;center&#8221; header_fullscreen=&#8221;on&#8221; header_scroll_down=&#8221;off&#8221; background_url=&#8221;https:\/\/surlechemindesmots.fr\/wp-content\/uploads\/2016\/06\/information.jpg&#8221; parallax=&#8221;off&#8221; parallax_method=&#8221;off&#8221; logo_image_url=&#8221;https:\/\/surlechemindesmots.fr\/wp-content\/uploads\/2016\/06\/plume.png&#8221; content_orientation=&#8221;center&#8221; image_orientation=&#8221;center&#8221; title_font=&#8221;Source Sans Pro||||&#8221; title_font_size=&#8221;100px&#8221; custom_button_one=&#8221;off&#8221; button_one_letter_spacing=&#8221;0&#8243; button_one_use_icon=&#8221;default&#8221; button_one_icon_placement=&#8221;right&#8221; button_one_on_hover=&#8221;on&#8221; button_one_letter_spacing_hover=&#8221;0&#8243; custom_button_two=&#8221;off&#8221; button_two_letter_spacing=&#8221;0&#8243; button_two_use_icon=&#8221;default&#8221; button_two_icon_placement=&#8221;right&#8221; button_two_on_hover=&#8221;on&#8221; button_two_letter_spacing_hover=&#8221;0&#8243;] [\/et_pb_fullwidth_header][\/et_pb_section][et_pb_section admin_label=&#8221;section&#8221;][et_pb_row admin_label=&#8221;row&#8221;][et_pb_column type=&#8221;4_4&#8243;][et_pb_text admin_label=&#8221;Text&#8221; background_layout=&#8221;light&#8221; text_orientation=&#8221;left&#8221; use_border_color=&#8221;off&#8221; border_color=&#8221;#ffffff&#8221; border_style=&#8221;solid&#8221;]<\/p>\n<p style=\"text-align: justify;\">Tout a commenc\u00e9 \u00e0 Cholet (Maine-et-Loire), o\u00f9 je commence \u00e0 vivre \u2013 modestement\u2026 \u2013 de ma &#8220;plume&#8221;, une fois mon bac en poche, en tant que correspondant sportif pour le quotidien r\u00e9gional <em>Ouest France<\/em>. Je me sens pousser des ailes, l\u2019appareil photo en bandouli\u00e8re, le stylo \u00e0 bille dans une main et un cahier<em> Clairefontaine<\/em> dans l\u2019autre\u00a0!<\/p>\n<p style=\"text-align: justify;\">Pendant cinq ans, tous les jours, j\u2019interviewe, je prends des notes, j\u2019\u00e9cris\u2026 et je caresse le secret espoir de taper dans l\u2019\u0153il de mes r\u00e9dacteurs en chef successifs. On me propose d\u2019ailleurs des remplacements, l\u2019\u00e9t\u00e9, \u00e0 la r\u00e9daction d\u2019Angers, en tant que journaliste-vacataire. Je crois alors toucher au but et pschitt\u2026 Je ne suis pas dipl\u00f4m\u00e9 d\u2019une \u00e9cole de journalisme. R\u00e9dhibitoire. Je dois n\u00e9anmoins beaucoup \u00e0 cette exp\u00e9rience journalistique. Comme une floraison. Merci \u00e0 Bruno, Jacques, Michel, Didier, Maryline, Didier, Max, Jean-Fran\u00e7ois\u2026 Ils se reconna\u00eetront.<\/p>\n<p style=\"text-align: justify;\">Apr\u00e8s un interm\u00e8de radiophonique sur Angers \u2013 mis \u00e0 part moi, qui s\u2019en souvient ? \u2013, l\u2019aventure se poursuit dans le pays choletais, au sein d\u2019un hebdomadaire d\u2019information locale (<em>Le P\u2019tit Journal).<\/em> Cr\u00e9\u00e9 au printemps 97. Enterr\u00e9 l\u2019hiver suivant. Mais \u00e0 quel rythme effr\u00e9n\u00e9 j\u2019ai d\u00fb \u00e9crire, durant six mois\u00a0! Sur l\u2019histoire, le patrimoine, le tissu \u00e9conomique, l\u2019actualit\u00e9 culturelle, la vie quotidienne aussi&#8230; Bigrement formateur\u00a0!<\/p>\n<p>[\/et_pb_text][\/et_pb_column][\/et_pb_row][et_pb_row admin_label=&#8221;Ligne&#8221;][et_pb_column type=&#8221;4_4&#8243;][\/et_pb_column][\/et_pb_row][et_pb_row admin_label=&#8221;Ligne&#8221;][et_pb_column type=&#8221;1_4&#8243;][\/et_pb_column][et_pb_column type=&#8221;1_2&#8243;][et_pb_cta admin_label=&#8221;Appel d&#8217;action&#8221; title=&#8221;&#8230; \u00e0 la communication&#8221; button_url=&#8221;https:\/\/surlechemindesmots.fr\/index.php\/a-la-communication\/&#8221; url_new_window=&#8221;off&#8221; button_text=&#8221;Voir&#8221; use_background_color=&#8221;off&#8221; background_color=&#8221;#2ed1f2&#8243; background_layout=&#8221;dark&#8221; text_orientation=&#8221;center&#8221; header_font_size=&#8221;20&#8243; header_text_color=&#8221;#0cb0c9&#8243; use_border_color=&#8221;on&#8221; border_color=&#8221;#ffffff&#8221; border_width=&#8221;0px&#8221; border_style=&#8221;solid&#8221; custom_button=&#8221;on&#8221; button_text_color=&#8221;#0cb0c9&#8243; button_letter_spacing=&#8221;0&#8243; button_use_icon=&#8221;default&#8221; button_icon_placement=&#8221;right&#8221; button_on_hover=&#8221;on&#8221; button_text_color_hover=&#8221;#ffffff&#8221; button_bg_color_hover=&#8221;#0cb0c9&#8243; button_letter_spacing_hover=&#8221;0&#8243;] [\/et_pb_cta][\/et_pb_column][et_pb_column type=&#8221;1_4&#8243;][\/et_pb_column][\/et_pb_row][\/et_pb_section]<\/p>\n","protected":false},"excerpt":{"rendered":"<p>Tout a commenc\u00e9 \u00e0 Cholet (Maine-et-Loire), o\u00f9 je commence \u00e0 vivre \u2013 modestement\u2026 \u2013 de ma &#8220;plume&#8221;, une fois mon bac en poche, en tant que correspondant sportif pour le quotidien r\u00e9gional Ouest France. Je me sens pousser des ailes, l\u2019appareil photo en bandouli\u00e8re, le stylo \u00e0 bille dans une main et un cahier Clairefontaine [&hellip;]<\/p>\n","protected":false},"author":1,"featured_media":0,"parent":0,"menu_order":0,"comment_status":"closed","ping_status":"closed","template":"","meta":{"_et_pb_use_builder":"on","_et_pb_old_content":"","_et_gb_content_width":"","footnotes":""},"yoast_head":"<!-- This site is optimized with the Yoast SEO plugin v22.5 - https:\/\/yoast.com\/wordpress\/plugins\/seo\/ -->\n<title>DE L&#039;INFORMATION\u2026 - Sur le chemin des mots<\/title>\n<meta name=\"robots\" content=\"index, follow, max-snippet:-1, max-image-preview:large, max-video-preview:-1\" \/>\n<link rel=\"canonical\" href=\"https:\/\/surlechemindesmots.fr\/index.php\/352-2\/\" \/>\n<meta property=\"og:locale\" content=\"fr_FR\" \/>\n<meta property=\"og:type\" content=\"article\" \/>\n<meta property=\"og:title\" content=\"DE L&#039;INFORMATION\u2026 - Sur le chemin des mots\" \/>\n<meta property=\"og:description\" content=\"Tout a commenc\u00e9 \u00e0 Cholet (Maine-et-Loire), o\u00f9 je commence \u00e0 vivre \u2013 modestement\u2026 \u2013 de ma &quot;plume&quot;, une fois mon bac en poche, en tant que correspondant sportif pour le quotidien r\u00e9gional Ouest France. Je me sens pousser des ailes, l\u2019appareil photo en bandouli\u00e8re, le stylo \u00e0 bille dans une main et un cahier Clairefontaine [&hellip;]\" \/>\n<meta property=\"og:url\" content=\"https:\/\/surlechemindesmots.fr\/index.php\/352-2\/\" \/>\n<meta property=\"og:site_name\" content=\"Sur le chemin des mots\" \/>\n<meta property=\"article:modified_time\" content=\"2016-07-24T19:11:32+00:00\" \/>\n<meta name=\"twitter:card\" content=\"summary_large_image\" \/>\n<meta name=\"twitter:label1\" content=\"Dur\u00e9e de lecture estim\u00e9e\" \/>\n\t<meta name=\"twitter:data1\" content=\"3 minutes\" \/>\n<script type=\"application\/ld+json\" class=\"yoast-schema-graph\">{\"@context\":\"https:\/\/schema.org\",\"@graph\":[{\"@type\":\"WebPage\",\"@id\":\"https:\/\/surlechemindesmots.fr\/index.php\/352-2\/\",\"url\":\"https:\/\/surlechemindesmots.fr\/index.php\/352-2\/\",\"name\":\"DE L'INFORMATION\u2026 - Sur le chemin des mots\",\"isPartOf\":{\"@id\":\"https:\/\/surlechemindesmots.fr\/#website\"},\"datePublished\":\"2016-06-28T18:57:08+00:00\",\"dateModified\":\"2016-07-24T19:11:32+00:00\",\"breadcrumb\":{\"@id\":\"https:\/\/surlechemindesmots.fr\/index.php\/352-2\/#breadcrumb\"},\"inLanguage\":\"fr-FR\",\"potentialAction\":[{\"@type\":\"ReadAction\",\"target\":[\"https:\/\/surlechemindesmots.fr\/index.php\/352-2\/\"]}]},{\"@type\":\"BreadcrumbList\",\"@id\":\"https:\/\/surlechemindesmots.fr\/index.php\/352-2\/#breadcrumb\",\"itemListElement\":[{\"@type\":\"ListItem\",\"position\":1,\"name\":\"Accueil\",\"item\":\"https:\/\/surlechemindesmots.fr\/\"},{\"@type\":\"ListItem\",\"position\":2,\"name\":\"DE L&#8217;INFORMATION\u2026\"}]},{\"@type\":\"WebSite\",\"@id\":\"https:\/\/surlechemindesmots.fr\/#website\",\"url\":\"https:\/\/surlechemindesmots.fr\/\",\"name\":\"Sur le chemin des mots\",\"description\":\"\",\"potentialAction\":[{\"@type\":\"SearchAction\",\"target\":{\"@type\":\"EntryPoint\",\"urlTemplate\":\"https:\/\/surlechemindesmots.fr\/?s={search_term_string}\"},\"query-input\":\"required name=search_term_string\"}],\"inLanguage\":\"fr-FR\"}]}<\/script>\n<!-- \/ Yoast SEO plugin. -->","yoast_head_json":{"title":"DE L'INFORMATION\u2026 - Sur le chemin des mots","robots":{"index":"index","follow":"follow","max-snippet":"max-snippet:-1","max-image-preview":"max-image-preview:large","max-video-preview":"max-video-preview:-1"},"canonical":"https:\/\/surlechemindesmots.fr\/index.php\/352-2\/","og_locale":"fr_FR","og_type":"article","og_title":"DE L'INFORMATION\u2026 - Sur le chemin des mots","og_description":"Tout a commenc\u00e9 \u00e0 Cholet (Maine-et-Loire), o\u00f9 je commence \u00e0 vivre \u2013 modestement\u2026 \u2013 de ma \"plume\", une fois mon bac en poche, en tant que correspondant sportif pour le quotidien r\u00e9gional Ouest France. Je me sens pousser des ailes, l\u2019appareil photo en bandouli\u00e8re, le stylo \u00e0 bille dans une main et un cahier Clairefontaine [&hellip;]","og_url":"https:\/\/surlechemindesmots.fr\/index.php\/352-2\/","og_site_name":"Sur le chemin des mots","article_modified_time":"2016-07-24T19:11:32+00:00","twitter_card":"summary_large_image","twitter_misc":{"Dur\u00e9e de lecture estim\u00e9e":"3 minutes"},"schema":{"@context":"https:\/\/schema.org","@graph":[{"@type":"WebPage","@id":"https:\/\/surlechemindesmots.fr\/index.php\/352-2\/","url":"https:\/\/surlechemindesmots.fr\/index.php\/352-2\/","name":"DE L'INFORMATION\u2026 - Sur le chemin des mots","isPartOf":{"@id":"https:\/\/surlechemindesmots.fr\/#website"},"datePublished":"2016-06-28T18:57:08+00:00","dateModified":"2016-07-24T19:11:32+00:00","breadcrumb":{"@id":"https:\/\/surlechemindesmots.fr\/index.php\/352-2\/#breadcrumb"},"inLanguage":"fr-FR","potentialAction":[{"@type":"ReadAction","target":["https:\/\/surlechemindesmots.fr\/index.php\/352-2\/"]}]},{"@type":"BreadcrumbList","@id":"https:\/\/surlechemindesmots.fr\/index.php\/352-2\/#breadcrumb","itemListElement":[{"@type":"ListItem","position":1,"name":"Accueil","item":"https:\/\/surlechemindesmots.fr\/"},{"@type":"ListItem","position":2,"name":"DE L&#8217;INFORMATION\u2026"}]},{"@type":"WebSite","@id":"https:\/\/surlechemindesmots.fr\/#website","url":"https:\/\/surlechemindesmots.fr\/","name":"Sur le chemin des mots","description":"","potentialAction":[{"@type":"SearchAction","target":{"@type":"EntryPoint","urlTemplate":"https:\/\/surlechemindesmots.fr\/?s={search_term_string}"},"query-input":"required name=search_term_string"}],"inLanguage":"fr-FR"}]}},"_links":{"self":[{"href":"https:\/\/surlechemindesmots.fr\/index.php\/wp-json\/wp\/v2\/pages\/352"}],"collection":[{"href":"https:\/\/surlechemindesmots.fr\/index.php\/wp-json\/wp\/v2\/pages"}],"about":[{"href":"https:\/\/surlechemindesmots.fr\/index.php\/wp-json\/wp\/v2\/types\/page"}],"author":[{"embeddable":true,"href":"https:\/\/surlechemindesmots.fr\/index.php\/wp-json\/wp\/v2\/users\/1"}],"replies":[{"embeddable":true,"href":"https:\/\/surlechemindesmots.fr\/index.php\/wp-json\/wp\/v2\/comments?post=352"}],"version-history":[{"count":27,"href":"https:\/\/surlechemindesmots.fr\/index.php\/wp-json\/wp\/v2\/pages\/352\/revisions"}],"predecessor-version":[{"id":1607,"href":"https:\/\/surlechemindesmots.fr\/index.php\/wp-json\/wp\/v2\/pages\/352\/revisions\/1607"}],"wp:attachment":[{"href":"https:\/\/surlechemindesmots.fr\/index.php\/wp-json\/wp\/v2\/media?parent=352"}],"curies":[{"name":"wp","href":"https:\/\/api.w.org\/{rel}","templated":true}]}}