{"id":978,"date":"2016-07-10T10:31:48","date_gmt":"2016-07-10T09:31:48","guid":{"rendered":"http:\/\/surlechemindesmots.fr\/?page_id=978"},"modified":"2016-07-10T10:33:05","modified_gmt":"2016-07-10T09:33:05","slug":"mentions-legales","status":"publish","type":"page","link":"https:\/\/surlechemindesmots.fr\/index.php\/mentions-legales\/","title":{"rendered":"Mentions l\u00e9gales"},"content":{"rendered":"<h4><span style=\"color: #33cccc;\">Sur le chemin des mots<\/span><\/h4>\n<p>Pascal Chalopin<\/p>\n<p>1 impasse de la petite provence<br \/>\n44730 Saint-Michel-Chef-Chef<br \/>\nT\u00e9l. 06\u00a037 37 40 58<br \/>\nE-mail :\u00a0contact@surlechemindesmots.fr<br \/>\nSiret 383 610 664 00021<br \/>\nCode APE 9003B<\/p>\n<p><strong>Donn\u00e9es personnelles<\/strong><\/p>\n<p>Des donn\u00e9es personnelles peuvent \u00eatre recueillies par une action volontaire lors de l\u2019utilisation du formulaire de contact. Elles ne servent qu\u2019\u00e0 transmettre les \u00e9l\u00e9ments et informations demand\u00e9s ou \u00e0 prendre contact.<br \/>\nElles peuvent \u00eatre conserv\u00e9es de mani\u00e8re confidentielle mais ne feront pas l\u2019objet d\u2019aucune liste de diffusion ni cession.<\/p>\n<p>Conform\u00e9ment \u00e0 l\u2019article 34 de la Loi \u00ab\u00a0Informatique et Libert\u00e9s\u00a0\u00bb n\u00b0 78-17 du 6 janvier 1978, modifi\u00e9e le 6 ao\u00fbt 2004, les visiteurs disposent d\u2019un droit d\u2019acc\u00e8s, de modification, de rectification et de suppression des donn\u00e9es qui les concernent. Ils peuvent l\u2019exercer sur simple demande \u00e0 l\u2019adresse suivante :<br \/>\ncontact@surlechemindesmots.fr<\/p>\n<p><strong>Cr\u00e9dits<\/strong><\/p>\n<p>Edition, r\u00e9daction, publication, webmaster : Pascal Chalopin<br \/>\nConception, r\u00e9alisation :\u00a0Cl\u00e9mence Archambault<br \/>\nPhotos : Shutterstock<\/p>\n","protected":false},"excerpt":{"rendered":"<p>Sur le chemin des mots Pascal Chalopin 1 impasse de la petite provence 44730 Saint-Michel-Chef-Chef T\u00e9l. 06\u00a037 37 40 58 E-mail :\u00a0contact@surlechemindesmots.fr Siret 383 610 664 00021 Code APE 9003B Donn\u00e9es personnelles Des donn\u00e9es personnelles peuvent \u00eatre recueillies par une action volontaire lors de l\u2019utilisation du formulaire de contact. Elles ne servent qu\u2019\u00e0 transmettre les [&hellip;]<\/p>\n","protected":false},"author":1,"featured_media":0,"parent":0,"menu_order":0,"comment_status":"closed","ping_status":"closed","template":"","meta":{"_et_pb_use_builder":"","_et_pb_old_content":"","_et_gb_content_width":"","footnotes":""},"yoast_head":"<!-- This site is optimized with the Yoast SEO plugin v22.5 - https:\/\/yoast.com\/wordpress\/plugins\/seo\/ -->\n<title>Mentions l\u00e9gales - Sur le chemin des mots<\/title>\n<meta name=\"robots\" content=\"index, follow, max-snippet:-1, max-image-preview:large, max-video-preview:-1\" \/>\n<link rel=\"canonical\" href=\"https:\/\/surlechemindesmots.fr\/index.php\/mentions-legales\/\" \/>\n<meta property=\"og:locale\" content=\"fr_FR\" \/>\n<meta property=\"og:type\" content=\"article\" \/>\n<meta property=\"og:title\" content=\"Mentions l\u00e9gales - Sur le chemin des mots\" \/>\n<meta property=\"og:description\" content=\"Sur le chemin des mots Pascal Chalopin 1 impasse de la petite provence 44730 Saint-Michel-Chef-Chef T\u00e9l. 06\u00a037 37 40 58 E-mail :\u00a0contact@surlechemindesmots.fr Siret 383 610 664 00021 Code APE 9003B Donn\u00e9es personnelles Des donn\u00e9es personnelles peuvent \u00eatre recueillies par une action volontaire lors de l\u2019utilisation du formulaire de contact. Elles ne servent qu\u2019\u00e0 transmettre les [&hellip;]\" \/>\n<meta property=\"og:url\" content=\"https:\/\/surlechemindesmots.fr\/index.php\/mentions-legales\/\" \/>\n<meta property=\"og:site_name\" content=\"Sur le chemin des mots\" \/>\n<meta property=\"article:modified_time\" content=\"2016-07-10T09:33:05+00:00\" \/>\n<meta name=\"twitter:card\" content=\"summary_large_image\" \/>\n<meta name=\"twitter:label1\" content=\"Dur\u00e9e de lecture estim\u00e9e\" \/>\n\t<meta name=\"twitter:data1\" content=\"1 minute\" \/>\n<script type=\"application\/ld+json\" class=\"yoast-schema-graph\">{\"@context\":\"https:\/\/schema.org\",\"@graph\":[{\"@type\":\"WebPage\",\"@id\":\"https:\/\/surlechemindesmots.fr\/index.php\/mentions-legales\/\",\"url\":\"https:\/\/surlechemindesmots.fr\/index.php\/mentions-legales\/\",\"name\":\"Mentions l\u00e9gales - Sur le chemin des mots\",\"isPartOf\":{\"@id\":\"https:\/\/surlechemindesmots.fr\/#website\"},\"datePublished\":\"2016-07-10T09:31:48+00:00\",\"dateModified\":\"2016-07-10T09:33:05+00:00\",\"breadcrumb\":{\"@id\":\"https:\/\/surlechemindesmots.fr\/index.php\/mentions-legales\/#breadcrumb\"},\"inLanguage\":\"fr-FR\",\"potentialAction\":[{\"@type\":\"ReadAction\",\"target\":[\"https:\/\/surlechemindesmots.fr\/index.php\/mentions-legales\/\"]}]},{\"@type\":\"BreadcrumbList\",\"@id\":\"https:\/\/surlechemindesmots.fr\/index.php\/mentions-legales\/#breadcrumb\",\"itemListElement\":[{\"@type\":\"ListItem\",\"position\":1,\"name\":\"Accueil\",\"item\":\"https:\/\/surlechemindesmots.fr\/\"},{\"@type\":\"ListItem\",\"position\":2,\"name\":\"Mentions l\u00e9gales\"}]},{\"@type\":\"WebSite\",\"@id\":\"https:\/\/surlechemindesmots.fr\/#website\",\"url\":\"https:\/\/surlechemindesmots.fr\/\",\"name\":\"Sur le chemin des mots\",\"description\":\"\",\"potentialAction\":[{\"@type\":\"SearchAction\",\"target\":{\"@type\":\"EntryPoint\",\"urlTemplate\":\"https:\/\/surlechemindesmots.fr\/?s={search_term_string}\"},\"query-input\":\"required name=search_term_string\"}],\"inLanguage\":\"fr-FR\"}]}<\/script>\n<!-- \/ Yoast SEO plugin. -->","yoast_head_json":{"title":"Mentions l\u00e9gales - Sur le chemin des mots","robots":{"index":"index","follow":"follow","max-snippet":"max-snippet:-1","max-image-preview":"max-image-preview:large","max-video-preview":"max-video-preview:-1"},"canonical":"https:\/\/surlechemindesmots.fr\/index.php\/mentions-legales\/","og_locale":"fr_FR","og_type":"article","og_title":"Mentions l\u00e9gales - Sur le chemin des mots","og_description":"Sur le chemin des mots Pascal Chalopin 1 impasse de la petite provence 44730 Saint-Michel-Chef-Chef T\u00e9l. 06\u00a037 37 40 58 E-mail :\u00a0contact@surlechemindesmots.fr Siret 383 610 664 00021 Code APE 9003B Donn\u00e9es personnelles Des donn\u00e9es personnelles peuvent \u00eatre recueillies par une action volontaire lors de l\u2019utilisation du formulaire de contact. Elles ne servent qu\u2019\u00e0 transmettre les [&hellip;]","og_url":"https:\/\/surlechemindesmots.fr\/index.php\/mentions-legales\/","og_site_name":"Sur le chemin des mots","article_modified_time":"2016-07-10T09:33:05+00:00","twitter_card":"summary_large_image","twitter_misc":{"Dur\u00e9e de lecture estim\u00e9e":"1 minute"},"schema":{"@context":"https:\/\/schema.org","@graph":[{"@type":"WebPage","@id":"https:\/\/surlechemindesmots.fr\/index.php\/mentions-legales\/","url":"https:\/\/surlechemindesmots.fr\/index.php\/mentions-legales\/","name":"Mentions l\u00e9gales - Sur le chemin des mots","isPartOf":{"@id":"https:\/\/surlechemindesmots.fr\/#website"},"datePublished":"2016-07-10T09:31:48+00:00","dateModified":"2016-07-10T09:33:05+00:00","breadcrumb":{"@id":"https:\/\/surlechemindesmots.fr\/index.php\/mentions-legales\/#breadcrumb"},"inLanguage":"fr-FR","potentialAction":[{"@type":"ReadAction","target":["https:\/\/surlechemindesmots.fr\/index.php\/mentions-legales\/"]}]},{"@type":"BreadcrumbList","@id":"https:\/\/surlechemindesmots.fr\/index.php\/mentions-legales\/#breadcrumb","itemListElement":[{"@type":"ListItem","position":1,"name":"Accueil","item":"https:\/\/surlechemindesmots.fr\/"},{"@type":"ListItem","position":2,"name":"Mentions l\u00e9gales"}]},{"@type":"WebSite","@id":"https:\/\/surlechemindesmots.fr\/#website","url":"https:\/\/surlechemindesmots.fr\/","name":"Sur le chemin des mots","description":"","potentialAction":[{"@type":"SearchAction","target":{"@type":"EntryPoint","urlTemplate":"https:\/\/surlechemindesmots.fr\/?s={search_term_string}"},"query-input":"required name=search_term_string"}],"inLanguage":"fr-FR"}]}},"_links":{"self":[{"href":"https:\/\/surlechemindesmots.fr\/index.php\/wp-json\/wp\/v2\/pages\/978"}],"collection":[{"href":"https:\/\/surlechemindesmots.fr\/index.php\/wp-json\/wp\/v2\/pages"}],"about":[{"href":"https:\/\/surlechemindesmots.fr\/index.php\/wp-json\/wp\/v2\/types\/page"}],"author":[{"embeddable":true,"href":"https:\/\/surlechemindesmots.fr\/index.php\/wp-json\/wp\/v2\/users\/1"}],"replies":[{"embeddable":true,"href":"https:\/\/surlechemindesmots.fr\/index.php\/wp-json\/wp\/v2\/comments?post=978"}],"version-history":[{"count":3,"href":"https:\/\/surlechemindesmots.fr\/index.php\/wp-json\/wp\/v2\/pages\/978\/revisions"}],"predecessor-version":[{"id":981,"href":"https:\/\/surlechemindesmots.fr\/index.php\/wp-json\/wp\/v2\/pages\/978\/revisions\/981"}],"wp:attachment":[{"href":"https:\/\/surlechemindesmots.fr\/index.php\/wp-json\/wp\/v2\/media?parent=978"}],"curies":[{"name":"wp","href":"https:\/\/api.w.org\/{rel}","templated":true}]}}